 of g and 78?
13
Let c = -1 + 7. What is the greatest common divisor of c and 9?
3
Suppose 3 = 3*q - 6. Suppose 105 + q = 3*n. What is the greatest common factor of 4 and n?
4
Suppose 3*l - 3*j = 39, 2*l - 4*j = 3*l - 8. Let w = l + 1. Suppose -4*b = 2*s - 48, 0 = -0*s + s + b - 25. What is the greatest common factor of w and s?
13
Let p = 3 - -19. Suppose 1 = m - p. Calculate the greatest common factor of m and 230.
23
Let o be 136/14 - (-10)/35. What is the greatest common divisor of o and 5?
5
Let t be (-36)/60*(-6 + 1). Let b(p) = -2*p - 7. Let y be b(-7). Suppose -x = 3*m - y - 3, 8 = 4*m - 4*x. What is the greatest common divisor of m and t?
3
Let u(d) = d**3 - 3*d**2 - 8*d + 3. Let v be u(5). Let a = 282 + -139. Calculate the greatest common factor of v and a.
13
Let k be (-11 - -1) + 9/3. Let n = k - -1. Let r be (-2)/4 - 201/n. What is the highest common factor of 3 and r?
3
Let r(o) = 4*o + 3. Let t be r(5). What is the highest common factor of t and 23?
23
Let o be ((-432)/40)/((-2)/5). What is the greatest common factor of o and 135?
27
Suppose -9 = o + 4*z, 2*o + 3*z = z. Suppose -p = -5*v + 2*p + 20, -4*p - 23 = -o*v. Calculate the highest common factor of v and 2.
1
Let n be 3 + -3*(-590)/15. Calculate the greatest common factor of 11 and n.
11
Let c = -46 - -68. Suppose -77 - 45 = -5*b + 4*q, 3*b + 2*q - 60 = 0. Calculate the highest common factor of b and c.
22
Let j be 0 + 1 + (2 - 1). Suppose -4 = -j*r, -3*d + 6*d = r + 394. Suppose 2*b - 2 = 22. Calculate the highest common divisor of d and b.
12
Let n be 5 - (-1)/(-1)*2. Suppose -276 = -3*t - t - n*r, -4*r - 160 = -2*t. Calculate the greatest common divisor of t and 9.
9
Let z = -3 - -3. Let x = 3 - z. Suppose -q - x*j + 5 = -53, 2*q - 118 = -5*j. Calculate the highest common factor of 8 and q.
8
Suppose 0 = 5*f + 4*r - 2, 2*r + 0 = f - 6. Suppose f*c = -0 + 32. Suppose 2*v + 41 = 2*u - u, c = -4*v. What is the highest common factor of 22 and u?
11
Let y(o) be the second derivative of 13*o**3/6 - 5*o**2 - 3*o. Let f be y(-7). Let m be (-2)/3 - f/3. What is the greatest common divisor of 22 and m?
11
Suppose -3*l = -8*l - 160. Let p be (-9)/4*l/24. Calculate the greatest common divisor of p and 27.
3
Suppose -2*n + 4*r + 108 = 0, 57 = 2*n + 2*r - 81. Suppose -5*b + 44 = -4*f, 2*f = -3*b + 9 + 13. Calculate the greatest common factor of n and b.
8
Suppose -5*n + 4*c + 23 = 0, -6 = -4*n + n + 5*c. Let z = 8 + n. Let p = 124 - 49. What is the greatest common divisor of p and z?
15
Let w = 5 - 3. Suppose -w*b = b - 30. Suppose -3*u + 324 = -3*n, 0*u - 2*u - n + 222 = 0. Calculate the greatest common factor of b and u.
10
Let j(b) = -3*b - 4. Let h be j(-2). What is the greatest common factor of h and 16?
2
Let d = 3 + 10. Suppose -8*s + 3*s = -135. Suppose 2*w - 3*h - 12 = d, -h = -2*w + s. Calculate the greatest common divisor of 35 and w.
7
Let p = 0 + -10. Let o be 2/(-10) + (-2702)/p. Calculate the highest common factor of o and 30.
30
Suppose 2*v + 266 = -5*b, -4*v - 549 = -3*b + 9. Let d = 313 + v. What is the highest common divisor of d and 25?
25
Suppose 2*j = -0*j + 2*s - 22, -2*j - 57 = 5*s. Let t be (j/6)/((-1)/30). What is the highest common divisor of 10 and t?
10
Let m(z) = 43*z**2 + 5*z + 2. Let a be m(-1). Calculate the greatest common factor of a and 32.
8
Let n = 47 - 42. Calculate the greatest common divisor of 3 and n.
1
Let m = -121 - -249. Let i(n) = n**3 + 10*n**2 + 8*n + 7. Let q be i(-9). Calculate the greatest common divisor of m and q.
16
Let q(a) = a + 2. Let n be q(-12). Let f = -8 - n. Calculate the highest common divisor of f and 14.
2
Suppose 0*c - 30 = -2*c. Let m = 184 + -109. What is the greatest common factor of m and c?
15
Suppose -648 = -9*m - 0*m. What is the greatest common factor of m and 18?
18
Let d(p) = -3*p + 12. Let t be d(0). What is the highest common divisor of t and 4?
4
Let u be 9/(-6) + (-19)/(-2). What is the greatest common divisor of 1 and u?
1
Suppose -2*t + 0*t = -8. Calculate the greatest common factor of t and 32.
4
Let s = 244 + -55. Let b(j) = s - 6*j + 3*j + 4*j. Let k be b(0). Calculate the highest common factor of 21 and k.
21
Let q(r) = -r. Let m be q(-19). What is the greatest common factor of 76 and m?
19
Suppose -4*m = 2*x - m - 22, m + 6 = 2*x. Let l(d) = 6*d - 1 + 0*d - 3*d. Let n be l(x). Calculate the highest common divisor of 42 and n.
14
Let n(k) be the first derivative of 9*k**2 + 1. Let a be n(2). Let o = 30 - 12. What is the highest common factor of a and o?
18
Let n be (4/8)/((-1)/(-6)). Suppose -v + n = -z - z, -z + 59 = 5*v. Let w be 132/(-16)*8/(-2). What is the greatest common factor of v and w?
11
Let a(v) = -22*v. Let l be a(-1). Calculate the highest common divisor of l and 66.
22
Let z(g) = 3*g**2 + 4*g - 5. Let v = -5 + 10. Let l be z(v). Calculate the greatest common factor of l and 10.
10
Suppose 3 = -2*u + u, -5*l - u + 297 = 0. Calculate the highest common divisor of l and 15.
15
Suppose -123 = -4*j + 197. What is the greatest common divisor of 60 and j?
20
Let w be (-22)/(-121) - (-163)/11. Calculate the highest common factor of 10 and w.
5
Let d(z) = -17*z**2 - z. Let a be d(-1). Let u = a - -21. What is the highest common factor of u and 40?
5
Suppose -4*w = -9*w + 2*a + 93, -a = 3*w - 58. Let j = w - -6. What is the greatest common factor of j and 5?
5
Suppose -2*i - 3 = 1. Let n be (i/(-3))/(6/45). Let f = n + -2. What is the highest common divisor of f and 12?
3
Let t be 14/(-98) + 169/7. What is the greatest common factor of 192 and t?
24
Suppose 7 = -3*a + 28. Let s be 96/18 - (-6)/9. Let c(d) = -d**3 + 6*d**2 + d + 1. Let k be c(s). What is the highest common divisor of k and a?
7
Let y(t) = -56*t**3 + t**2 + t + 1. Let u be y(-1). Suppose 0*c + u = 3*c. What is the greatest common factor of c and 152?
19
Suppose -4*o - 106 = 2*b, -5*o - 146 - 104 = 5*b. Let k = -13 - b. What is the highest common factor of k and 85?
17
Suppose 6 = 5*w - 9. Suppose 4*r - 4 = w*r. Calculate the highest common divisor of 16 and r.
4
Let b(v) = -31*v - 17. Let g be b(-7). What is the highest common divisor of g and 25?
25
Suppose 0*h - 8 = -4*h. Suppose 7 = h*x - 33. Suppose 0 = -5*z + z + 80. What is the highest common factor of z and x?
20
Let b(o) = -3*o + 10. Let j be b(-6). What is the highest common factor of 7 and j?
7
Let y be (1 - -7) + (-7 - -9). Suppose -3*b + b = -y. Calculate the highest common divisor of b and 5.
5
Let m(v) = -2*v - 20. Let k be m(-18). Calculate the greatest common factor of 4 and k.
4
Let a = 14 + -6. Calculate the highest common divisor of 88 and a.
8
Suppose 4*d - 40 = 20. Let j = 129 + -123. What is the highest common factor of d and j?
3
Let x(v) = -33*v. Let g be x(-9). What is the highest common divisor of 27 and g?
27
Let f be -44*(492/(-16) - -4). Let t be (-2)/3 + f/33. Let r = 4 - -3. Calculate the greatest common factor of t and r.
7
Let j be (7 - 9)/((-2)/5). Suppose 7 + j = y. Calculate the highest common divisor of y and 6.
6
Let o(n) = -196*n**3 - 2*n**2 - 2*n - 1. Let j be o(-1). What is the greatest common divisor of 78 and j?
39
Suppose 4*j - 34 = 2*p, 3*j + 2*j - 4*p - 38 = 0. What is the greatest common divisor of 2 and j?
2
Let s be 2/(-5) - 13/5. Let l be s - (0 - (0 + 1)). Let m be (-142)/(-4) - 1/l. What is the greatest common factor of m and 18?
18
Suppose 3*h - 4*h = -8. Let p be 0*(-3)/12 - -32. Calculate the greatest common divisor of p and h.
8
Let j be -3 + (16 - -1 - 27/9). What is the greatest common factor of 11 and j?
11
Let j be ((-162)/24)/((-1)/(-4)). Let u = 99 + j. Calculate the highest common factor of u and 8.
8
Let s(b) be the second derivative of b**4/12 - 7*b**3/6 + b**2/2 + 4*b. Let q be s(8). What is the highest common divisor of 27 and q?
9
Let t = -2 + 1. Let j be 0 + t - (1 + -5). Suppose 0 = -3*y - o + 26, -24 = -3*y + j*o - 6. What is the highest common factor of y and 56?
8
Suppose -2*f + 17*f - 2430 = 0. What is the greatest common factor of f and 54?
54
Let q = -113 + 233. Calculate the greatest common divisor of q and 48.
24
Let w be 3 + (-3)/((-9)/(-6)). Calculate the greatest common divisor of w and 1.
1
Suppose 52 = 4*k + 2*y, 3*k + 4*y = 6*k - 39. Calculate the greatest common factor of k and 52.
13
Supp